 (base 3) to base 15.
19d6c3
What is -10203103013 (base 4) in base 6?
-41323515
Convert -1020021021112 (base 3) to base 7.
-5365112
-1101001101010011 (base 2) to base 11
-37711
What is -401014135 (base 6) in base 13?
-152c357
-63752 (base 9) to base 11
-29754
What is -3937748 (base 11) in base 5?
-3221141111
Convert 2897747 (base 10) to base 15.
3c38d2
Convert 13bb019 (base 15) to base 14.
1c73b38
102000021220 (base 3) to base 13
77853
20004231 (base 5) to base 6
3210000
What is -2616b (base 16) in base 7?
-1216562
What is e2829 (base 15) in base 8?
2571033
Convert -238768 (base 9) to base 2.
-100011001101110010
Convert -31182 (base 13) to base 4.
-111201123
What is -353424 (base 9) in base 4?
-303320011
What is 8060337 (base 9) in base 13?
b73271
What is 1102004 (base 11) in base 5?
443412103
10402313 (base 5) to base 16
1634e
-11432a (base 12) to base 16
-439d2
-1313372 (base 8) to base 16
-596fa
Convert 130872 (base 9) to base 5.
10020240
11245566 (base 7) to base 16
f0d32
What is -18d94 (base 15) in base 16?
-13b31
2747150 (base 13) to base 12
4191992
201437 (base 9) to base 4
131012101
10ab28b (base 14) to base 2
11110010011100011001011
Convert 212230302011 (base 4) to base 13.
2142800
-215226 (base 12) to base 13
-156060
1280a5 (base 12) to base 7
2405015
Convert 19a2306 (base 12) to base 4.
110233110312
Convert 11011110111101000 (base 2) to base 4.
123313220
-20020210020 (base 3) to base 10
-123045
Convert 1010b29 (base 12) to base 5.
1232231322
12020023321 (base 4) to base 16
1882f9
620502 (base 9) to base 16
59ccf
-330002232 (base 4) to base 11
-158857
Convert 11127a (base 12) to base 2.
1000010010100111110
ba48 (base 14) to base 16
7dd0
26556040 (base 7) to base 5
1111413411
62654 (base 7) to base 3
210011022
Convert -123434225 (base 7) to base 8.
-35721762
What is -2894974 (base 11) in base 2?
-10010111101010101000001
What is -303030403 (base 5) in base 16?
-12a078
What is 72833 (base 15) in base 4?
1120213131
Convert -440b2 (base 14) to base 5.
-20233141
What is 6268573 (base 10) in base 12?
2123791
-20246753 (base 8) to base 16
-414deb
Convert -abc0c (base 15) to base 9.
-1022073
Convert 62c44 (base 16) to base 15.
7eced
Convert 110100010010101001 (base 2) to base 9.
355723
Convert -1d63d (base 16) to base 12.
-597b9
111111111000011000100011 (base 2) to base 13
36142b4
Convert -15005321 (base 7) to base 5.
-330214130
What is 78ad (base 14) in base 2?
101000111000001
108434 (base 9) to base 15
144e1
What is 796a31 (base 11) in base 4?
10311222010
-b422b (base 16) to base 2
-10110100001000101011
What is -1826c (base 16) in base 15?
-1e49e
Convert 7baa01 (base 14) to base 13.
b48420
Convert -d2e3 (base 16) to base 4.
-31023203
What is -4443000401 (base 5) in base 7?
-145512253
Convert 172922 (base 16) to base 3.
2212010002222
-8643047 (base 9) to base 5
-2141244141
Convert 11101122121 (base 3) to base 2.
10101000111100001
What is 4314009 (base 10) in base 15?
5a3359
What is -22243144 (base 7) in base 12?
-78abb4
What is 5b218 (base 12) in base 9?
206642
What is -444020002 (base 5) in base 3?
-10122111110122
What is -1112110010111 (base 3) in base 7?
-6635362
-16030 (base 14) to base 11
-3829a
10001110100110001110 (base 2) to base 16
8e98e
Convert -2370744 (base 8) to base 3.
-1020010000211
What is 106874 (base 11) in base 14?
45db0
What is -32a54 (base 12) in base 13?
-2475a
What is 10010101001100100111000 (base 2) in base 3?
100012101021221
Convert -148a9 (base 15) to base 9.
-110576
Convert -267454 (base 9) to base 7.
-1246021
Convert 335774 (base 11) to base 7.
4354526
What is -22012744 (base 8) in base 10?
-4724196
Convert -11022232010 (base 4) to base 5.
-321322003
-202232311 (base 4) to base 15
-2c241
Convert -150564 (base 10) to base 7.
-1164651
Convert 3caa2 (base 13) to base 4.
123303031
2569204 (base 11) to base 6
235202400
What is -3312001 (base 4) in base 10?
-15745
What is 6862be (base 15) in base 4?
103000111301
-340223 (base 8) to base 9
-184464
Convert 1231321010 (base 4) to base 15.
8d57b
Convert -110102210222012 (base 3) to base 11.
-3805069
80b4a (base 13) to base 16
38409
What is 301430 (base 9) in base 11?
1119a5
What is 7356763 (base 8) in base 16?
1dddf3
-123607 (base 9) to base 12
-37397
What is -207575 (base 12) in base 13?
-14b517
11100111010001000001001 (base 2) to base 8
34721011
Convert a318 (base 12) to base 11.
12360
What is 55506 (base 13) in base 4?
211300101
-31524 (base 12) to base 9
-107651
140503143 (base 6) to base 13
78526b
Convert -1917326 (base 12) to base 7.
-62461452
113322241 (base 5) to base 12
21488b
Convert -12564 (base 15) to base 3.
-2222101011
Convert -4a7b97 (base 12) to base 3.
-2021210200221
What is 5755d (base 14) in base 15?
42dbb
What is -176433c (base 13) in base 16?
-74112c
What is 5016769 (base 11) in base 6?
514205214
2201030133 (base 4) to base 9
1215626
What is 21c13 (base 13) in base 14?
18511
Convert 2333132020 (base 4) to base 2.
10111111011110001000
-100110110001111011 (base 2) to base 4
-212301323
-20133332 (base 4) to base 14
-c98a
10001100101101 (base 2) to base 8
21455
Convert -455250013 (base 6) to base 3.
-120202102020100
Convert 21101121100 (base 4) to base 12.
992694
6273c (base 15) to base 9
525143
Convert 1545215 (base 6) to base 8.
263353
-15967 (base 14) to base 6
-1053543
Convert -50112 (base 12) to base 9.
-167385
173117 (base 10) to base 13
60a49
Convert -1251332 (base 8) to base 6.
-11251122
Convert 155ac (base 16) to base 13.
30a74
44105033 (base 6) to base 7
14115351
Convert -c2e30 (base 15) to base 3.
-1011100222100
-221210432 (base 5) to base 14
-1adc7b
What is 210122202002101 (base 3) in base 15?
1025361
What is 1011212222200 (base 3) in base 14?
124a4c
5805370 (base 9) to base 8
13750154
-202443 (base 8) to base 16
-10523
What is 575320 (base 13) in base 2?
111111000110111000110
-14543524 (base 6) to base 9
-858537
99b33 (base 15) to base 9
824113
What is -37bd0 (base 14) in base 16?
-2165a
19954 (base 12) to base 14
da12
What is 2761161 (base 8) in base 9?
1416355
Convert -338717 (base 9) to base 14.
-540d7
What is 4022940 (base 10) in base 11?
22a8549
What is -1101011001111011101011 (base 2) in base 3?
-20121112102112
What is 11a9b7 (base 14) in base 2?
10010011110110100101
What is 11001010011101000 (base 2) in base 14?
29ac0
21523524 (base 7) to base 9
3436350
What is -324402 (base 9) in base 6?
-4051515
What is -10011111000010110011111 (base 2) in base 15?
-6ce26b
Convert 13334661 (base 7) to base 10.
1235823
-12a90 (base 11) to base 7
-105156
147cbb0 (base 14) to base 4
212011233112
Convert 22120021122000 (base 3) to base 15.
5edc90
What is 10101111111110111011 (base 2) in base 4?
2233332323
What is -100010120021201 (base 3) in base 15?
-65ce91
Convert 144acd (base 14) to base 16.
ac05d
13666306 (base 7) to base 4
10323321331
What is -1bb1a8 (base 12) in base 3?
-221012200002
What is -477303 (base 15) in base 10?
-3416178
-4124001234 (base 5) to base 12
-29a1a71
-100110110110001011100111 (base 2) to base 16
-9b62e7
Convert 15da1 (base 14) to base 11.
38211
Convert 1828432 (base 10) to base 16.
1be650
-47725 (base 11) to base 3
-10111022111
What is 12241 (base 15) in base 9?
87357
What is 1230142 (base 6) in base 16?
1026e
-56771 (base 9) to base 12
-19a6a
Convert 1a0b173 (base 13) to base 2.
100000101010110111001001
What is -74a7c (base 13) in base 3?
-101200202121
Convert -a332 (base 13) to base 3.
-1010220000
-13d7bb (base 15) to base 9
-1717525
Convert 76378 (base 9) to base 3.
2120102122
Convert -24223115 (base 6) to base 4.
-2322312113
What is 19412 (base 15) in base 5?
10110132
What is -9970a3 (base 12) in base 10?
-2438331
Convert 5b1ac (base 16) to base 9.
627786
What is 160596 (base 11) in base 6?
5203331
What is 3984751 (base 10) in base 14?
75a251
What is -201102113 (base 4) in base 16?
-21497
Convert 42016 (base 12) to base 10.
86418
15883 (base 16) to base 3
11110222111
100001111111100001000 (base 2) to base 16
10ff08
-217786 (base 10) to base 9
-361664
What is -1001564 (base 7) in base 4?
-130320023
-3bda3 (base 15) to base 11
-121347
What is -12010151 (base 6) in base 13?
-101683
What is 423633 (base 7) in base 11?
50147
Convert 2256561 (base 9) to base 16.
12983b
What is 864 (base 13) in base 11?
1094
-1220213333 (base 5)